13 + -105?
8
Evaluate -3 + -2 - (-6 - -1 - 0).
0
Calculate 2 + (5 - 2 - 9).
-4
Evaluate -1 + 6 + -81 + 74.
-2
What is the value of -3 + (1 - (-5 - -4)) + -2?
-3
What is 1 + (-4 - 0) - (0 - 6)?
3
3 + (-8 - -7 - -3)
5
Calculate -3 + (3 + -7 - -9).
2
What is 2 + 4 + -3 + -5?
-2
Evaluate -2 + 5 - 6 - -2.
-1
-1 - (-3 + -3 + 4)
1
0 + 4 + (13 - 19)
-2
What is the value of -4 + (0 - 9 - -6 - -7)?
0
Evaluate -7 - (8 + -4 + -6).
-5
(0 - -2 - 6) + 9
5
Evaluate -1 + 5 + -4 - 4 - 2.
-6
What is the value of 2 + (6 - -4 - 11)?
1
What is 6 + -3 + -3 + 3?
3
Calculate 2 - (5 + -1 - 0).
-2
Calculate 12 + -4 + 0 + (1 - 5).
4
What is the value of 2 + (-3 - -2) + -7?
-6
Calculate 0 + (-9 - -4) - (-3 + 3).
-5
Evaluate -8 - (-18 + 4) - (2 - 0).
4
(-3 - 2) + 4 - 2
-3
What is the value of 25 + -22 + -3 + (0 - 1)?
-1
What is the value of 19 + -10 - 11 - -1?
-1
What is the value of -2 + 0 - (-2 + -3 + 8)?
-5
Calculate 0 + -4 + -17 + 23.
2
What is the value of 0 + 2 + -2 + (4 - 3)?
1
What is the value of -3 + 1 + 1 + -4?
-5
What is the value of -9 + 2 + (6 - 9) + 7?
-3
Evaluate (1 - 2) + -2 + 0 + -2.
-5
What is the value of -3 - (-4 + (5 - (1 + 4)))?
1
Calculate -1 - (2 + (-4 - (-5 - 0))).
-4
What is the value of -22 + 22 + (3 - 1)?
2
What is the value of (0 - -3) + 2 + -8?
-3
(1 - -1 - 2) + (-1 - -7)
6
Evaluate (4 - (1 + 7)) + (-2 - -12).
6
4 + 4 - (1 - -4)
3
What is the value of (9 - 12) + -3 + 2 + -1?
-5
Calculate -35 + 32 + (0 - 1).
-4
What is the value of -13 + (4 - -2) + (3 - 2)?
-6
Calculate 3 + 0 + -5 + (1 - -2).
1
Calculate 4 - (-16 + 21 - (-2 + 0)).
-3
(-5 + 17 - 3) + -12
-3
What is the value of -1 + -1 - (-12 + (-19 - -30))?
-1
16 + -23 - (1 + -1 - 5)
-2
Evaluate 12 - (15 + -3) - (-1 - -6).
-5
-11 + 3 + -4 - -8
-4
Evaluate -10 + 5 + 3 + 0.
-2
Evaluate 5 + -3 + -7 + 4 - 0.
-1
Calculate (-1 + 4 - -1) + -1 + 2.
5
Evaluate (-4 - 0) + -1 - (7 + -11).
-1
What is -1 + 9 - (59 + -56)?
5
What is the value of (6 - (-11 + 12)) + -8 + 1?
-2
Evaluate 8 - (1 + -5 + (1 - -10)).
1
Calculate 1 + -4 - (56 - 63).
4
2 + -9 - (-15 - (-8 + 5))
5
What is (0 + -1 - -2) + (2 - 3)?
0
What is the value of -14 - (-3 - 1) - -4 - 0?
-6
Evaluate (3 - -3) + -9 + 6 + 2.
5
-3 + (9 - 0) + -6
0
What is the value of 5 + 5 + 1 + -8?
3
What is -6 + -1 + 1 + 1?
-5
Evaluate 7 + -11 + 21 - 9.
8
What is the value of 1 + 3 - (13 + -15)?
6
What is 5 + -12 + (5 - (-3 - -3))?
-2
What is the value of 3 + 1 - (4 + -4 + 9)?
-5
-4 - -7 - (5 + -6)
4
(-1 - 0) + 0 + 14 + -14
-1
Calculate (3 - -8) + -12 + -1.
-2
0 + 3 + (-7 - -11) + 2
9
18 + -10 + 1 - 5
4
What is 2 + (7 - (3 - -1))?
5
Evaluate 9 + (-4 - (3 - 1 - 2)).
5
Evaluate 3 + -4 + -1 + 2.
0
Evaluate -7 - (-9 + 7 + -2).
-3
Calculate (-3 + -1 - (-33 + 40)) + 4.
-7
What is the value of -1 - -1 - (-3 - 1)?
4
What is 6 + (-14 - -1) + (2 - -2)?
-3
Evaluate (-8 - -1) + (11 - 7).
-3
-11 + 4 + -4 + 4
-7
Calculate -1 - -1 - (3 + -3).
0
6 - 3 - (3 - (3 - 1))
2
-1 + -2 - (6 + -10 - -1)
0
What is -1 + 6 + (7 - 8) + -4?
0
Calculate (-1 + -1 - -6) + -4 + 4.
4
Evaluate 0 + -1 - (6 + -2 + -1).
-4
What is 31 - 33 - (1 + 6)?
-9
What is 0 + 6 - (8 - -2)?
-4
What is 5 + (0 + (-6 - -4) - -4)?
7
What is (3 - (5 + 1)) + 5 - 0?
2
What is the value of -5 + 3 + (5 - 9 - -5)?
-1
(0 - 1) + -2 + -3 + 4
-2
14 + -13 - (-1 + 0 + 7)
-5
Calculate (-4 - -7) + -7 + 10 + 0.
6
-1 + -1 + -4 + 0 + 9
3
What is the value of 50 + -47 + -9 + 1?
-5
Calculate -2 + 0 - (-1 + -2).
1
What is the value of -1 + -2 + 4 - 1 - -5?
5
-2 - (0 + 5 + -2 + 0)
-5
(-1 + 2 - -3) + (-2 - 2)
0
Evaluate -3 + 0 + 1 - (139 + -139).
-2
What is the value of 5 + -1 + (-6 - -5) + 5?
8
Evaluate 1 + 11 + (2 - 8).
6
Evaluate 1 + (-9 - (-6 - 2)).
0
-2 + (2 - (4 + -4)) + -1
-1
What is -11 - -2 - -7 - -7?
5
Calculate (12 - (-4 - -14)) + (-1 - -5).
6
Calculate (-4 - (0 + 1)) + 0 + -1.
-6
-4 + 4 + -4 + 7
3
What is the value of 5 + -12 + -12 + 11?
-8
Evaluate 1 + -14 - -8 - (-9 + -2).
6
Evaluate 2 + -1 + -4 + 3.
0
-4 + 0 + (-43 - -45) - 0
-2
-1 + 6 + (-3 - -2) + -6
-2
(5 - (7 - 6) - -1) + -1
4
Evaluate 7 - (7 - (-3 + 10)).
7
(-5 - -1) + 22 + -14
4
What is 7 - (-2 - (-6 + 2))?
5
What is 1 + (1 - -6 - 12 - -4)?
0
Calculate 17 + -11 + 0 + -3.
3
6 - 14 - (9 + -12)
-5
What is -1 + (1 + 2 - 1) - -2?
3
Calculate (0 - 1) + 10 + -10 - -1.
0
Evaluate 3 - (-3 - (-6 - -10) - -16).
-6
Evaluate 4 + 5 + -3 + -9 - -2.
-1
Calculate 6 + (11 - 13) + -10.
-6
What is the value of ((-1 - -4) + -5 - -3) + 4?
5
(-6 - (-2 + (-2 - -1))) + 0
-3
Calculate 1 + 1 - (5 + (1 - 7)).
3
-5 + 0 + 0 + 0
-5
-6 + 7 + 3 + -5
-1
What is 1 + 4 - (-1 - (1 + -2))?
5
(6 - (-7 - -21)) + 4
-4
Calculate -2 - ((2 - -2) + -1).
-5
What is -6 + (-7 - (-21 + -4 - -7))?
5
-2 + (-11 - -19) + -14
-8
0 + 2 + -1 + -1 + -1
-1
Evaluate (1 - 6) + 12 + -9.
-2
Calculate -7 + 1 - (31 + -39).
2
Calculate (1 - 5) + (12 - 3).
5
What is the value of -3 - -2 - (-1 + -1) - -4?
5
-1 + (-4 - 4) + 7 - 5
-7
Calculate 4 + 4 + (-12 - (1 - 4)).
-1
What is the value of 0 - (-3 - 1) - (-3 - -3)?
4
0 + 4 - -2 - (0 - -2)
4
What is the value of 1 - (-2 + 0 + 0)?
3
What is 2 - (4 + 0 + -6) - 4?
0
Evaluate 0 + 7 + -30 + 20.
-3
Calculate -2 - (-4 - (2 + -4)).
0
Evaluate (3 - ((2 - -3) + -4)) + -3.
-1
What is (0 - -7) + (-4 - 4) + 3?
2
Calculate 2 + -1 - (3 + (-1 - 3)).
2
4 + (-6 + -1 - -5)
2
7 + 0 + -4 - 0
3
What is the value of 17 - 18 - (0 - -4)?
-5
What is the value of 26 - 8 - 8 - 16?
-6
What is the value of -6 - (-10 - (-6 + 8))?
6
What is -1 - ((-2 - -4) + -2) - 0?
-1
What is the value of 4 - (2 + -2 - -2)?
2
12 + -8 - (1 + 4 - 7)
6
Calculate -89 + 106 + -1 + -6.
10
-3 + -2 + 0 + 2 + 4
1
Evaluate 0 + 1 - (-5 + 6).
0
What is the value of -1 - ((-3 - -7) + -3 + 0)?
-2
What is (3 - 6) + (4 - 4 - -2)?
-1
Calculate (-6 - 2) + (-7 - -11).
-4
What is (-7 - -3) + -2 - -3?
-3
3 + (2 - (6 + -2))
1
What is the value of 5 - (7 - 3) - (-6 - -1)?
6
Calculate -16 + 15 + (-2 - 1).
-4
What is the value of -1 - 1 - (0 + (2 - -1))?
-5
Evaluate 5 + 1 + 54 + -55.
5
Calculate (-3 - (4 + -1)) + -1 - -3.
-4
What is 1 + 5 - (3 - -4)?
-1
Calculate 2 + -2 + -4 - -9.
5
Calculate -4 - (2 - (-6 + 14)).
2
Calculate -3 + 1 - (4 - 3).
-3
-1 + (4 - (4 + -3) - 4)
-2
What is the value of -1 + (1 - 8) + 5?
-3
Calculate 5 - 0 - (7 + -9 - -5).
2
Calculate (-5 + 2 - -8) + 3 + -5.
3
1 + 2 - (8 + -4 - 4)
3
4 + -7 + 3 + -1 - -3
2
What is 5 + (1 - 1) + 0?
5
(0 - 6) + -42 + 47
-1
(1 - -10) + (8 - -6) + -16
9
Calculate (-3 - 0) + -3 - -1.
-5
Evaluate -14 + 11 + (3 - 5) + -1.
-6
What is 1 + (7 - 2) + -8?
-2
Evaluate (-6 + 12 - 0) + -4 + 5.
7
Calculate -7 - 0 - -6 - -4.
3
(1 - -4 - 5) + -3
-3
-6 + (0 - -2 - -1)
-3
What is the value of 2 + 2 - (-2 - -3)?
3
Evaluate -7 + (-4 - -8) + 8.
5
What is the value of (2 - (-12 - -11)) + -2 + -1?
0
Calculate 2 + (1 - -11) + -24.
-10
Evaluate 4 - (-6 - -3 - -7).
0
Evaluate -2 - ((-14 - -3) + 5).
4
What is -1 + -7 - (4 - 13)?
1
What is the value of -5 - -2 - (-2 - -2) - -2?
-1
17 - (1 - -1) - (-64 - -71)
8
What is 5 + 0 + -2 + -2 + -1?
0
Evaluate -9 - -9 - (0 + 1 + 0).
-1
Evaluate -2 + ((0 - 0) + 0 - -2).
0
-4 - (0 + 1 + -3 + 3)
-5
What is the value of 4 + 4 - -1 - (-31 - -30)?
10
Calculate -7 + 3 + -2 + 1.
-5
(8 - 3) + -13 + 8
0
Evaluate (-8 - -7) + (-5 - (1 + -1)).
-6
Evaluate 7 + -12 - (-2 + (-3 - -4)).
-4
Evaluate -2 - -16 - (10 - (21 - 15)).
10
Calculate 0 + 1 + (-4 + 2 - -3).
2
Evaluate -6 + 11 + (0 - 0).
5
Evaluate 3 - (-5 - (2 - 11)).
-1
What is the value of 2 + (-9 - (-3 - 0) - -2)?
-2
Evaluate (9 + -17 - -8) + (1 - -2).
3
-4 + -1 + 7 - -9 - 5
6
Calculate (14 + -3 - -2) + -11.
2
Calculate (0 - (4 + -5)) + 3.
4
What is -5 + 1 + -5 - -4?
-5
Evaluate -1 - ((17 - 4) + -10).
-4
What is 1 - (2 + 3 - (0 + 5))?
1
Evaluate 2 + -10 + 0 + 4.
-4
What is the value of -6 + 3 - -2 - -5?
4
Evaluate -3 - (-11 + (12 - -4)).
-8
Evaluate -10 + (9 - 6) - -7.
0
Evaluate -5 + 0 + (3 - -1).
-1
Calculate -4 + -2 + (-9 - -11) - -2.
-2
Calculate 0 - (-1 + 6 + 1 + -2).
-4
Calculate (5 - 1) + -1 - (-6 - -13).
-4
Calculate 1 - (-4 - (1 + 4 + -4)).
6
What is the value of -1 - (0 - -1) - (0 - -2)?
-4
What is -6 - ((-4 - (7 + -5)) + 3)?
-3
What is (-10 - -3) + 0 + 2?
-5
Calculate -4 + -4 + 6 + 0.
-2
Evaluate 6 - (5 + 5 - 5).
1
Calculate -306 + 298 + -2 + 1 + 3.
-6
Calculate -23 - -17 - (-5 + -1).
0
What is the value of 0 - (6 - 2 - -1)?
-5
What 